1*r + 8. Let s be 12/15 + (-4 - (-117)/(-15)). Calculate the remainder when w is divided by c(s).
7
Calculate the remainder when 104 is divided by ((-138)/(-115))/(6/110).
16
Let k = 149 + 98. Calculate the remainder when k is divided by 39.
13
Let u = 33 - 20. What is the remainder when 51 is divided by u?
12
Let m(d) = -d**2 + 7*d + 3. What is the remainder when 51 is divided by m(6)?
6
Suppose 15*w - 16*w + 10 = 0. Suppose 6*b = w*b - 136. Calculate the remainder when b is divided by 9.
7
Let n(t) = 12*t + 8. Let g be n(2). Calculate the remainder when 61 is divided by ((-3)/(8 - 11))/(2/g).
13
Let x(j) = 2 - 436*j - 3 + 440*j - j**3. What is the remainder when x(-4) is divided by 26?
21
Let z be (1 - -1) + -2 + 5. Suppose o + 3*o = -20, -z*c + 2*o = -20. What is the remainder when 22 is divided by c?
0
What is the remainder when (10/8)/(1/248) is divided by 39?
37
Let k(o) = -3*o + 2. Let q(g) = 7*g - 4. Let h(v) = -5*k(v) - 2*q(v). Let s be h(-2). Let t = s + 14. Calculate the remainder when t is divided by 6.
4
Suppose 72 = -9*h + 11*h - 5*p, 5*p = -20. Calculate the remainder when 117 is divided by h.
13
Suppose 0*l + z - 19 = -l, 28 = 2*l + 4*z. Calculate the remainder when l is divided by 10.
4
Suppose 2*n = -5*z + 527, 8*n = -2*z + 3*n + 194. Suppose -z = -2*g - 31. Let q = g + -23. What is the remainder when 42 is divided by q?
12
Let w be (-4)/2*177/2. Suppose 0*q + q + 4*c - 32 = 0, 3*c - 15 = 0. Calculate the remainder when ((-1)/3)/(1/w) is divided by q.
11
Suppose -2*z - 18*c + 23*c = -177, 360 = 5*z + 4*c. Calculate the remainder when 215 is divided by z.
63
Suppose -24 + 60 = 4*s. What is the remainder when 7/(-84) - (-949)/12 is divided by s?
7
Suppose -3*u - o = -96 - 1, -u - 3*o = -27. Let h(d) = 3*d - 3. Let r = 30 - 26. Calculate the remainder when u is divided by h(r).
6
Let b = 3 - 6. Let r be 0 + -1 + (14 - b). Let a = r + 10. What is the remainder when 51 is divided by a?
25
Let z = 66 - 57. Let p = -42 + 64. What is the remainder when (-3)/(-12) - -114*z/24 is divided by p?
21
Let r(q) = 1 + 4 - q + 0*q + 7*q. Let b be r(5). Suppose 5*d + b = 165. What is the remainder when 49 is divided by d?
23
Suppose -2*u + 13 = 19. Let w = 4 - u. What is the remainder when 29 is divided by w?
1
Let y be (-44)/(-8) - 6 - 267/(-2). Let p = -59 + y. What is the remainder when p is divided by 29?
16
Suppose -9*g = -j - 5*g + 91, -2*j + 2*g + 164 = 0. What is the remainder when j is divided by 28?
23
Let s be (-8)/(8/3) + 7. Calculate the remainder when 8652/98 + s/(-14) is divided by 15.
13
Let t be -6 - (-2)/2 - 2. Let z = t + 11. Suppose 27*p = 26*p + 6. Calculate the remainder when p is divided by z.
2
Let o(g) = -g**2 - 16*g - 24. Let h be o(-10). Suppose -5*n - h = -266. Suppose 3*m - 120 = -2*m. What is the remainder when n is divided by m?
22
Let z = 1789 - 1718. What is the remainder when 443 is divided by z?
17
Let a = 12 + -4. Let k(y) = -y**3 - 4*y**2 - 5*y - 4. Let w be k(-3). Suppose 0 = b + 2, b + 0*b = w*o - 30. What is the remainder when o is divided by a?
6
Suppose 0*b - 31 = -3*j + 2*b, b = -5*j + 30. Let r(s) = s + 7. Let h be r(j). Let c = 22 + h. Calculate the remainder when c is divided by 13.
10
Let x = -27 + 27. Suppose x*f - f + 5 = 0. Calculate the remainder when 23 is divided by f.
3
Let o = -289 + 337. What is the remainder when 142 is divided by o?
46
Let j(b) = -219*b - 204. Let p(x) = -x**3 - 2*x**2 - 3*x - 4. What is the remainder when p(-5) is divided by j(-1)?
11
Suppose 29*t = 1665 + 771. Let j(z) = z**2 - 4*z + 1. Calculate the remainder when t is divided by j(7).
18
Let a = 0 - -5. Let t(f) = -8 - 2*f + a - 7. What is the remainder when 35 is divided by t(-11)?
11
Let n = 15 - 3. What is the remainder when 383 is divided by n?
11
Suppose 739 - 120 = 5*p + 2*r, -3*r = 9. What is the remainder when p is divided by (-152)/(-11) - ((-1 - -1) + (-52)/286)?
13
Suppose 11178 + 2706 = 12*b. Calculate the remainder when b is divided by 19.
17
Let x = 34 - 29. Suppose x*u + 25 = 0, 24 = y - 3*u - 12. What is the remainder when 40 is divided by y?
19
Let d(a) = 127*a**3 + 2*a**2 - 3*a + 2. What is the remainder when d(1) is divided by 46?
36
Let s = 1883 - 1817. Calculate the remainder when s is divided by 24.
18
Let b = 138 - 34. What is the remainder when 517 is divided by b?
101
Calculate the remainder when 161 is divided by 19 + (-15)/(75/40).
7
Let h = 88 + -56. Let w = 67 - 60. Calculate the remainder when h is divided by w.
4
Suppose 100*v - 149 = 1351. What is the remainder when 719 is divided by v?
14
Let y = -47 + 88. Suppose -2*c - 3*g + 15 = 0, 2*g - 3*g - 50 = -3*c. Calculate the remainder when y is divided by (2 - 3) + c/1.
13
Suppose -171*i + 1170 = -168*i. Calculate the remainder when i is divided by 21.
12
Let k(n) = n**2 + 17*n + 6. Let h be k(-11). Let w be ((-6)/(-9))/((-8)/h). Suppose w*r = 13 + 7. Calculate the remainder when 7 is divided by r.
3
Suppose 2*r = -5*n - r - 36, 2*n = r - 10. Let o(d) = -d + 2. Let h be o(n). Let t = 10 - h. Calculate the remainder when 5 is divided by t.
1
Suppose 0 = 4*o + 31 - 55. What is the remainder when -6*(3 + (-46)/o) is divided by 16?
12
Suppose -37*i + 1035 = -22*i. Suppose -95 = x - 6*x. Calculate the remainder when i is divided by x.
12
Let i = -161 + 769. Calculate the remainder when i is divided by 29.
28
Suppose 2*j - i = -4*i + 55, -5*i - 143 = -4*j. Calculate the remainder when 638 is divided by j.
30
Let z = 96 - 216. What is the remainder when 88 is divided by ((-6)/(-24)*-2)/(2/z)?
28
Suppose -2*a + 255 = 183. Calculate the remainder when 611 is divided by a.
35
Let w be -5 + 1 + -3 + 5. Let f(n) = -n**3 - 5*n**2 - 2*n - 1. Let a be f(w). Calculate the remainder when 49 is divided by 3*(-3 - 78/a).
15
Let k be 1/4 + (-20)/16. Let d(r) = r**3 + 5*r**2 - 6*r. What is the remainder when d(-5) is divided by 16/(-2)*(k + 0)?
6
Let i = 1111 - 1103. Calculate the remainder when 1197 is divided by i.
5
Let v(h) = -3*h**2 - 26*h + 13. Let w be v(-9). Suppose 2*c = 2*u + 36, 5*c + 4*u - 76 + w = 0. What is the remainder when 30 is divided by c?
14
Calculate the remainder when 201 is divided by 46*(1 - (1 + 3/(-2))).
63
What is the remainder when 266 + -2 - (-1 + -4) is divided by 68?
65
Suppose 0 = -2*i + 4*v - 9*v + 42, 2*i - 34 = -v. Calculate the remainder when 40 is divided by i.
8
Let r(n) = 3*n**2 - n. Let k = 2 + 0. Suppose -k*g = -3*g + 40. What is the remainder when g is divided by r(-2)?
12
Suppose 4*y = z + 7, -3*z + 24 = 14*y - 11*y. Let w be 0 + 2/3*-3. What is the remainder when (1 + 27/(-6))*w is divided by z?
2
Let v = 112 - 72. Suppose 3*b + 6*q - q + 556 = 0, 0 = 4*b + 3*q + 756. Calculate the remainder when v is divided by (-2)/6 + b/(-9).
19
Let w(z) = -4*z**2 - 12*z - 3. Let n be w(-9). What is the remainder when (0 + -1)*n/3 is divided by 25?
23
Suppose m - 5 = h, 2*h + 17 = 3*m - 3*h. Suppose -m*c + c = 42. Let l = -9 - c. Calculate the remainder when 7 is divided by l.
2
Let q = 962 - 957. What is the remainder when 26 is divided by q?
1
Suppose 2*a = -2*a - 3*g + 1739, 3*g + 1320 = 3*a. Calculate the remainder when a is divided by 20.
17
Suppose 0 = 3*k + 2*k - 15. Let a(v) = 2*v + 15. Suppose 0 = 15*u - 20*u - 25. Calculate the remainder when a(u) is divided by k.
2
Calculate the remainder when 148 is divided by (-1)/3 - 76/(-3).
23
Let r = -63 + 90. Let q(j) = j**2 + 4*j - 8. Let g be q(-7). Let i = r - g. What is the remainder when 40 is divided by i?
12
Let n be 2 + -4 + -1 - (-7 - 12). Suppose -s = s - n. Suppose 0 = -2*f + 4*f - 44. What is the remainder when f is divided by s?
6
Let i be (-48)/(-10) - 5/(-25). Suppose -i*v = -5, -x + 70 = 2*x + 4*v. What is the remainder when x is divided by 13?
9
Suppose -8*x + 558 = -14*x. Let b = 181 + x. Calculate the remainder when b is divided by 46.
42
Let j = -56 - -114. Calculate the remainder when j - 5/(5/(-1)) is divided by 15.
14
Suppose -222*i + 210*i + 168 = 0. What is the remainder when 207 is divided by i?
11
Suppose 5*f = f - 120. Let i be ((-384)/(-5))/(3/(-45)). What is the remainder when i/f + 4/(-10) is divided by 10?
8
Let n(d) = 79*d**3 + 1. Let t be n(1). Suppose t = -15*f + 16*f. Calculate the remainder when f is divided by 21.
17
Let n be (-26)/52 